- (-7 - 6 - -4)?
-6
2 - (4 + -4 + -2 + 2)
2
Evaluate 4 + 3 - (-9 - (-20 + 5)).
1
What is -35 + 28 + (-2 - -19)?
10
0 + 4 + 2 - (167 - 162)
1
What is 12 - (7 + -2) - 0?
7
Calculate (4 - (16 - 0)) + 10.
-2
Evaluate 1 + -4 + 4 - (4 + -4).
1
What is the value of -9 + 4 - (4 - 7)?
-2
Evaluate 5 + 1 + 6 + (-6 - -2).
8
Evaluate (1 - 0) + (0 - -1).
2
(24 - 16) + (1 - 3)
6
What is -3 + -2 + 1 - (-2 + -1)?
-1
Evaluate 5 - (7 + -13 + 0).
11
(-7 - (-1 + 0)) + 4
-2
What is the value of (5 - -2) + -1 - 11?
-5
Evaluate (0 - -11) + (57 - 64).
4
Calculate 7 + -1 + -4 - -3.
5
What is (24 + -23 - (-1 - -3)) + 5?
4
What is the value of 2 + (5 - (-4 - -13)) - -5?
3
Calculate 7 - 3 - (4 + -1).
1
Evaluate 3 - (12 + -13) - 11.
-7
Calculate (5 - -2 - 1) + -1.
5
What is the value of (2 - (-2 + 0)) + -5 + -1?
-2
What is -1 - (8 - ((-5 - -5) + 2))?
-7
Calculate -4 + (-2 - -12) + -5.
1
Evaluate 4 + 6 + -3 - (3 + 0).
4
Evaluate -68 + 71 - (0 - -10).
-7
Calculate -1 - (3 + -6) - (6 - 2).
-2
-9 + 0 - (-9 + -1)
1
Calculate (0 + -4 - -2) + -3.
-5
Evaluate 0 + (0 - -2 - 2).
0
What is the value of -3 - -5 - 0 - 3?
-1
Evaluate 5 - (8 + (-3 - 1)).
1
What is the value of -5 + 0 - (6 + -6)?
-5
0 + -1 + -3 + 7 - -2
5
What is the value of -7 + 12 + -3 - -3?
5
Calculate 2 - 9 - -2 - (-2 - 3).
0
2 + 4 + -7 - -7
6
Evaluate (-11 + (2 - 0) - -2) + 5.
-2
0 - (4 + 3 + -8) - 2
-1
Calculate -5 + -1 + (10 - 4).
0
Evaluate 5 + -3 + (1 - 4).
-1
What is 8 - -6 - 11 - (-1 + 1)?
3
Calculate -4 - -3 - (-5 + 4).
0
What is the value of -26 + -2 - -20 - (-1 + 0)?
-7
-2 - (-5 + (-1 - 0))
4
What is 5 - 3 - (-2 + (0 - 1))?
5
What is (1 + 1 - 3) + 4?
3
What is the value of 2 + 1 - (-5 - -11)?
-3
Calculate 4 + -1 + (-4 - -3) - 1.
1
What is 13 - 11 - (-6 - -8)?
0
Evaluate 5 - (16 - (3 + 4)).
-4
What is 7 - (9 - 15) - 7?
6
Evaluate -14 + 7 + (-5 - -5 - 0).
-7
(43 - 42 - (8 + -1)) + 11
5
1 - ((-2 - (-5 - -2)) + -4)
4
What is 0 - 3 - (-12 - -5)?
4
Calculate (-6 - -8) + -13 + 5 - 0.
-6
What is the value of -4 + 16 + (-5 - (-4 - -7))?
4
What is 1 - 1 - (-5 + 7 + -5)?
3
What is the value of -2 + 4 + (6 + -3 - 6)?
-1
What is the value of 2 + -2 + 0 - 5 - -4?
-1
What is the value of (1 - (-5 - 0)) + -6?
0
Evaluate 0 - (0 + -1) - (479 - 487).
9
Calculate -4 + (3 - (4 + -4 + 0)).
-1
What is -5 + (7 - 5) - (2 + 4)?
-9
What is 2 - (2 - 1) - (1 + 0)?
0
Evaluate -19 + 15 - (-4 - 0).
0
Evaluate 5 + -3 + (5 - 6).
1
1 + 1 - (-8 - -4 - -7)
-1
(-8 - -2) + (1 - -2)
-3
1 + 0 + -4 + 2 + 0
-1
-4 - 0 - (-6 + 15 - 3)
-10
What is the value of (2 + (4 - 1) - 8) + -1?
-4
-4 + (-1 - 2 - 0) + 3
-4
What is (-1 - -1) + -22 + 27?
5
Evaluate -7 - (-7 + 1) - -4.
3
What is the value of (-12 - -12) + 3 + -11?
-8
What is the value of 4 + 2 + -2 + 3?
7
Calculate 1 + (-1 - (-5 + 4 + -4)).
5
What is the value of (-8 - -10 - -2) + -3 + 2?
3
Calculate -3 + 8 + -4 + -4.
-3
Evaluate 1 - -3 - (4 + 2 + -5).
3
1 - ((2 - 4) + 5)
-2
What is the value of 0 + -3 - (-6 - 0)?
3
What is the value of 5 + (1 - 2 - 0) + -3?
1
(-1 - -4 - 11) + (3 - 0)
-5
Calculate (-23 - -22) + (5 - -1).
5
-5 + 5 + -5 + -1 - -12
6
Calculate -1 - (0 - 1 - 4).
4
What is -10 - ((-9 - -2) + -5)?
2
What is 1 + -2 + 2 + (6 - 4)?
3
Evaluate 1 + -5 + -1 + 0.
-5
What is the value of (1 - (1 - 0)) + 0 - 1?
-1
Evaluate -6 + 5 + (-1 - (-5 + -1)).
4
Evaluate (-7 - 3) + -2 + 15.
3
What is the value of 1 + 4 + -7 + -1?
-3
0 - (0 + -10 + 3) - 3
4
Calculate (5 - 2) + (-3 - 0) + -4.
-4
-7 + 10 + -9 - -10
4
Calculate -3 + 2 + -3 + 1.
-3
What is -11 + 8 + -2 + 1?
-4
What is the value of (4 - 1 - -3) + 0 + -3?
3
What is the value of -9 + 5 - (-8 + 1)?
3
-47 - -43 - (1 + -13) - -1
9
Evaluate -4 + -4 + (-3 - (7 + -12)).
-6
Evaluate 4 + 0 - (-2 - -1).
5
Evaluate 0 + -3 + -1 - -1.
-3
Calculate 2 + (-2 - 6) + 4.
-2
Evaluate -1 + -1 - (-4 + -27 + 22).
7
What is the value of (-1 - 1) + 3 - (23 + -20)?
-2
Evaluate 1 - 1 - (-12 + (10 - 0)).
2
What is the value of 5 - 5 - -7 - 10?
-3
-4 + (7 - 6) + (1 - -6)
4
Evaluate -2 + -19 + 23 - (0 - -7).
-5
Evaluate 6 + -2 + 2 - 7 - 5.
-6
(0 - -2) + (-8 - -4)
-2
Calculate -8 - -1 - (14 - 22).
1
What is 6 + (-7 - -1) - (-2 - -8)?
-6
What is the value of (18 - 14) + -9 + -1?
-6
Calculate 0 + -1 + (3 - (3 - 3)).
2
What is the value of 4 + -7 + -3 + (-11 - -17)?
0
Calculate 8 + -4 + 5 + -1 + -4.
4
What is the value of (-36 - -37) + 2 + 3?
6
Calculate 0 - -1 - (28 - 12 - 10).
-5
What is -143 + 152 - (2 - 1 - -5)?
3
39 - 42 - (1 + -5)
1
8 + -10 + 8 - 4
2
What is the value of 1 - 6 - (-3 - 2)?
0
Evaluate 1 + 6 - (46 - 42).
3
What is 5 + (2 - 6) - (0 + 0)?
1
What is the value of -19 - (3 + -14) - (-1 - 4)?
-3
What is 14 + -5 - (25 - 16)?
0
Evaluate -3 - (-8 - 1) - (-11 + 13).
4
What is the value of (-5 - -5) + (7 - 6)?
1
5 + 1 + -14 - -14
6
What is -9 + (12 - 10 - -12)?
5
Calculate 0 + -3 + 1 + -1 + 8.
5
What is -6 + (-1 - (4 - 9) - -2)?
0
Calculate 3 + (-16 - ((-13 - -3) + 5)).
-8
0 + (-4 - (-1 - 0)) + 5
2
Calculate 9 + -5 + 0 + -9.
-5
Calculate 2 - 1 - (7 + 0).
-6
What is 1 + 4 - (19 - 14) - -5?
5
Calculate -4 + 1 + -4 + 2.
-5
Calculate (-22 + 11 - -22) + -10.
1
6 + -11 + -3 + 5 - -10
7
(4 - 6) + 4 + 3
5
Calculate 7 - -1 - (2 + 1).
5
What is the value of 9 - (-9 - -23 - 2)?
-3
-11 - (5 + -17 - -2)
-1
What is the value of -1 + -6 - (-1 + (-2 - 0))?
-4
-2 - ((-2 - -2) + -3 + 1)
0
Evaluate (-4 - 5) + 4 - (2 - 8).
1
(-2 - (-5 - -6)) + 1 - 0
-2
Calculate (-21 - -27) + (-2 - 9).
-5
Calculate -5 + 4 - -4 - (5 - 1).
-1
Evaluate (9 - 16) + 13 + -5.
1
-1 - (-9 + (6 - 2))
4
Calculate -8 - (6 + -5 + -6) - -7.
4
What is 0 + 3 + 2 + -8?
-3
2 + 6 - (-3 + -6 + 14)
3
What is (6 - 9) + -1 + 0?
-4
Calculate (3 - 0) + 1 - 1.
3
Calculate (5 + (3 - 3) - 7) + 5.
3
What is the value of -1 + (0 - (3 - 7))?
3
What is the value of (19 + 0 - 9) + -8?
2
What is the value of 6 + -5 - (-16 + 10)?
7
What is (15 - (7 - -1)) + -3?
4
-1 + 6 + (0 - 3) - 7
-5
Calculate 0 + (-4 - -6) + -1 + 3.
4
3 - 0 - (0 - -8 - 6)
1
What is the value of 5 - (16 - (4 + 1))?
-6
Calculate -7 - (-5 + -7) - 7 - -3.
1
(9 - 6 - 2) + -1
0
66 - 84 - (-9 + 0)
-9
Calculate 21 - 8 - (5 + (1 - 4)).
11
What is the value of 3 + (-9 - (-9 - -4))?
-1
What is -6 + (-3 - -1) - -7?
-1
Calculate -10 + 10 + -3 - (0 + -5).
2
Calculate 3 + -7 - (1 + -2) - -6.
3
What is the value of -7 - (3 + 4 - 13)?
-1
What is the value of -1 + 7 + (-19 - -16)?
3
What is the value of -1 + (0 - -1) + (-23 - -23)?
0
Calculate 1 + (-1 - (-1 + 3)).
-2
(-1 - 0) + -1 + -2
-4
Calculate (0 - -4) + (9 - 18).
-5
What is (-5 - (-10 + 1)) + -3?
1
2 - ((2 - (1 - 2)) + 0)
-1
Calculate -1 + 3 - (-4 + 1).
5
What is -3 + 6 + 5 + -5 + 5?
8
What is the value of 6 + (0 - 10) + 0 + -1?
-5
What is the value of 5 + -1 + -5 + -2?
-3
Evaluate (-4 + 24 - 8) + -5.
7
What is -7 - (5 + -12) - (-3 + 1)?
2
Calculate -3 + 5 + -2 + 3 - -4.
7
Calculate 8 + (-8 - 1) - (2 - 2).
-1
Evaluate 0 + -6 - -17 - 5 - 1.
5
(8 + -10 - 6) + 10
2
Evaluate 0 + 2 - ((3 - 4) + 3).
0
Evaluate (15 - 3) + 2 + -6 + -6.
2
Evaluate -7 + (9 - (9 + -9)).
2
What is -6 - 1 - -10 - 1?
2
1 - (4 + -2 + 6 + -5)
-2
-5 - (5 + -15) - 3 - 0
2
What is the value of (94 - 102) + 7 + 0 + 0?
-1
What is the value of (-7 - -1) + 4 + -1?
-3
What is 1 - (-4 + 2 + -3) - 4?
2
Calculate -6 - (-14 - (1 - 4)).
5
Evaluate -12 - (7 + -13) - (-11 - 1).
6
-6 + 4 + (-6 + 4 - 5)
-9
2 + (-2 - (-7 + -5 - -8))
4
What is the value of 3 + -4 + 1 + -4?
-4
Evaluate 5 + -1 + -9 + 2 + 5.
2
Calculate -17 + (10 - 3) - (0 + -6).
-4
Calculate 0 + -6 + 6 - 7.
-7
4 + (-12 + -3 - -7)
-4
-9 + 18 - -1 - 7
3
-4 + -1 + -3 + 4
-4
What is the value of (9 - 2 - 2) + (6 - 5)?
6
Evaluate (7 + 0 - 3) + -4.
0
What is (-6 - -17) + (-14 - -3)?
0
Calculate -2 - -2 - (-9 + 4).
5
-5 - -3 - (-7 - -4 - -3)
-2
Calculate (-11 - 0 - -4) + 6.
-1
Calculate 3 + 5 + (-15 - 0).
-7
What is the value of -5 + 0 + (1 - -2)?
-2
What is 10 + (-4 - (-10 - -11))?
5
Calculate 1 - (-3 + 3 - 2).
3
Calculate (3 - 1) + -4 - 0.
-2
-1 - (3 - 1) - -4
1
What is -2 - (-3 + -6 + 6)?
1
Evaluate -5 - (2 + -3 - 1).
-3
Evaluate 2 + -7 + 2 + (3 - -3).
3
Calculate 1 - (4 + -4) - 4.
-3
What is the value of -4 + 2 + -1 - (-3 - -5)?
-5
What is the value of 3 + -2 + 6 + 2 + -6?
3
What is the value of -2 + -3 + 1 + (-2 - -2)?
-4
Calculate 2 + 1 + 3 + -1 + -5.
0
Evaluate -2 + 3 - (1 + 1).
-1
Calculate -16 + (-6 - -14) + 12.
4
